48?
136
-8 - (33 - (-51 + 50))
-42
14 - (83 + -3 - -1) - ((2 - 2) + -6)
-61
What is the value of -11 + 339 + -319 + (0 - 3)?
6
What is the value of -36 + 29 + 23 + (13 - (-2 + 3))?
28
Calculate 140 + -141 - (4 + -2 + 137 + 0) - -6.
-134
What is the value of 6 + 17 + -16 + 15?
22
1 - 57 - (1920 - 1881) - (1 + -10)
-86
Evaluate -59 + (-48 + 56 - -11).
-40
What is the value of (13 - -44) + -29 + 1 + 17?
46
Calculate (-68 - -1) + 0 - (25 + 11 + -36 + 4).
-71
148 - (723 + -690 + 3 + -1)
113
What is (18 + -17 + 7 - -10 - 11) + -4 - 23?
-20
What is the value of -1 - -13 - (54 + -6 - 28 - (70 + -7))?
55
Calculate -5 + 77 - (1160 + -974).
-114
Evaluate 18 + (4 + 13 - 18 - -13) + -90.
-60
(-1 - (-66 - (2 - (0 + -5)))) + (-14 - -5)
63
Evaluate -1 + -1 + -3 + (-83 - -5) + 57.
-26
What is the value of -112 - -29 - (-104 - -32)?
-11
What is the value of (26 - 20) + 8 + 30 - 7?
37
What is the value of (-5 - 61) + (-10 - (16 + -38)) + 5?
-49
What is -1 + -13 + (-39 - (5 - 50)) + (29 - 0)?
21
What is 6 + 1 - (349 - 380)?
38
What is -8 - (-9 - (-7 + 2)) - (24 + -33)?
5
Evaluate (-8 - 0) + -256 + 296 + -26 + 0 - -42.
48
What is -39 + (29 - -40) + (11 - -1)?
42
Calculate -2 - -14 - (11 + 46 + -83 + -12).
50
Evaluate ((-2 - -4) + 61 - 12) + (-2 - (3 + -1)).
47
What is the value of (-10 + 30 - (10 - (-15 + 11 + 3))) + -7?
2
-15 + 22 - (-10 - ((-24 - -12) + -12))
-7
(-1 + 3 - -9) + (2 - -15 - (-935 + 1062))
-99
(1 + -4 - (-31 - -70)) + (-2 - -15)
-29
Evaluate 15 + (-4 - 35) + -11 + 5 + -5 + -10.
-45
33 - (-208 - -250 - (35 + -1))
25
What is the value of -475 + 408 - (-60 - 0)?
-7
-54 + (45 - 100) + 29
-80
324 + -469 + 225 - (9 + 0 + -1 + 0)
72
What is -11 - (-11 + (3 - (8 + 1 + -13 + 5)))?
-2
-514 + 549 + 2 + -45
-8
Evaluate (2 + 7 - 0) + (18 - 45 - -13).
-5
What is 24 + (-26 + 34 + -15 - -17)?
34
Evaluate -8 - 10 - (14 + -41) - (2 - 38) - 8.
37
What is -94 + (-63 + 15 - -116)?
-26
-54 + -3 + (-174 - -275)
44
(18 - (34 - -4)) + (1 - -8)
-11
What is 134 - (-68 + 25) - 101?
76
What is -34 + 97 + -105 - -99?
57
Evaluate (58 - (-11 - -1)) + -14.
54
(-7 + 82 - 56) + (-28 - (-2 - -2))
-9
Calculate 106 + -85 + -1 - 33.
-13
What is the value of 0 + -52 + -1 - (62 + -36 + -39)?
-40
Calculate ((5 - 3) + -4 - (-9 + 10)) + (-143 - -133).
-13
What is 607 + -548 - (40 + -9)?
28
Calculate 12 - (4 - (-24 - (0 - 9) - -15)).
8
What is -143 + 159 + (4 - 9) + -82?
-71
Evaluate 2 + 3 + -1 + (-3 - 26 - -22).
-3
What is the value of (1 - 0) + (-52 - (-81 + 22)) + (47 - -1)?
56
Evaluate 14715 + -14678 + (-2 - ((2 - 0) + 0)).
33
42 + (68 - 48) - 125
-63
(-14 + (-3 - 4) - (18 + -14)) + 12
-13
What is (-9 - -5) + 35 - 20?
11
Calculate 0 - (-87 + 243 + -123).
-33
What is -13 - (-7 + -44 + 2)?
36
Calculate (13 + -24 - (0 + -3 + -10)) + (57 - -2).
61
What is the value of (25 - (-7 - (-16 - 7))) + -47 + 56?
18
Calculate (-16 - (6 - 3)) + 116 + 98 + -225.
-30
Evaluate 31 - -72 - 85 - 69.
-51
Calculate 90 + -79 + -19 + -3 + -17 + -2 + 3.
-27
-44 + 24 + 1 + -10 + -11
-40
What is 29 - ((56 - 44) + (21 - -3))?
-7
-10 + (152 - ((-6 - 4 - (11 - 6)) + 12))
145
What is (-4 + 2 - (-10 + 4 + 1 - 7)) + 23?
33
-54 + 27 + 26 + -7 + 53
45
Evaluate 128 + (-46 - -1) + (-2 - 0).
81
Evaluate -65 - (56 + -190) - 158.
-89
Calculate 4 - 0 - 4 - (-81 - -75) - -2.
8
Calculate (-18 - 0) + (0 - (9 + -22) - 8).
-13
What is 62 + -136 - -73 - (-62 - 1)?
62
What is the value of (-16 - -35) + (45 - 81 - (-2 + 17))?
-32
Evaluate 10 + -14 + -9 + 21 + 5 + 1 - -13.
27
What is 1 + -9 + (48 - (-71 + 60))?
51
What is the value of -3 - (-13 + 38 + (-5 - 10) - (7 + -5))?
-11
Evaluate 83 - (15 + (-18 - 11) - -3 - (2 - 15)).
81
47 - (26 - 13 - 16)
50
What is the value of -27 + 66 + 24 + -29?
34
Calculate -20 + 63 - 80 - -59.
22
Calculate (44 - 2) + (-2 - 4 - 0) - (-15 - -7).
44
Evaluate -56 + (12 - -30) + 2 + (-5 - -3) + -63.
-77
What is the value of -10 - (25 - 35) - (5 + (-4 - -10)) - 15?
-26
What is the value of -145 + 63 + -15 - -22?
-75
Evaluate -113 - -18 - (12 - 1 - 25).
-81
(-4 + (113 - 3) - 19) + -2 + -11
74
(8 - (4 - -6)) + (19 + -7 - -11)
21
What is -1 + 16 + 1440 + -1468?
-13
What is -60 + 93 + (-98 - -44)?
-21
38 - (87 - (-72 - 12))
-133
What is the value of -1 + -9 + (-222 - -212)?
-20
Evaluate (495 - 516) + (0 + 16 - -4) - (77 - 2).
-76
-9 - (-1 + (-11 - (-2 + 6) - -12))
-5
(-3 + 7 - (0 + 38) - -1) + 13
-20
Calculate (-99 - (-5 + (25 - -11))) + -11.
-141
Calculate 1 + -7 - (-9 + -2 + -1 + 18 + 5).
-17
Evaluate (2 - 4) + 28 + (26 - 47) + 1.
6
Evaluate -26 + -4 + -23 + 15 + 4 + (-4 - -2).
-36
Evaluate (-10 - (-14 + -12)) + -4 + 24.
36
What is 14 + (0 - 20) - (10 - (13 + -4))?
-7
Calculate (26 - (14 + -12)) + -32 + (0 - 2).
-10
Calculate -45 + 53 + 48 + -99.
-43
What is the value of 22 + (192 + -206 - (6 - 3 - -15))?
-10
What is the value of (-2 - 106) + (7 + 3 + (-12 - -17) - 10)?
-103
What is the value of (-10 - -69) + (-9 - (-18 - -12))?
56
-100 + (4 + -10 - -20) + 19
-67
Evaluate -12 - -1 - (-302 + 4 + 201).
86
10 + -16 + 6 - (-3 + 17) - 30
-44
Evaluate 0 + -1 - -78 - (-35 + 0 + 49 + -17).
80
94 + 0 + (19 - -2) + (-146 - -78 - -58)
105
What is the value of (0 - (2 - (1 + -2))) + 6 - (11372 + -11364)?
-5
Evaluate -16 + (22 - 14) + (55 - 42).
5
What is (0 - 3) + 24 - (-13 - -16 - 13)?
31
What is (3 - 0) + -32 + 26 + 115 + 3?
115
0 + -22 - (1683 - 1662)
-43
Evaluate -1766 + 1775 - (-9 + 0).
18
93 + (-26 - (-29 + (12 - 0) - -4)) - 10
70
What is 58 - (0 + 1) - (69 + -107 + (27 - -21))?
47
What is -51 - -43 - (-5 - (-2 + 10)) - 21?
-16
What is 7 + 19 + (78 - 142)?
-38
Evaluate (-37 - 3) + (-4 + 6 - -13).
-25
What is 25 - (104 - (122 - 55))?
-12
49 + (3 - 14) + -13 + 19
44
What is (-96 - (-5 - -10)) + 8 - (21 + -6 + -12)?
-96
Evaluate -16 + ((31 - -20) + 15 - 22).
28
What is -106 + 56 + 3 + (3 - 12)?
-56
What is 106 - (50 + 2 + 19)?
35
Evaluate -7 - ((-3 - (32 - -43)) + 2 + -1).
70
-31 + (-4 - -15 - 13) + (5 - 4)
-32
-10 + 40 + -9 + -23 + 18 + -9
7
What is the value of (0 + 1 - -44) + (1 - 34 - (-32 - -2))?
42
What is (-272 - (-570 - -303)) + 74 + 0 + 2 + -2?
69
Evaluate (78 - (-13 + (23 - -12))) + -7.
49
What is 7 + (2 - (-16 + 6 - -9)) + (0 - 23)?
-13
What is the value of 40 - (15 + (15 - 5) + -28)?
43
Evaluate (-417 - -458) + (-2 - 6) + (-52 - -61).
42
What is -246 + 270 + (-50 - -9)?
-17
Calculate 69 - (455 - 456 - (-22 + 1)).
49
Evaluate -48 - (15 + -19 + 19 + -22).
-41
What is 37 + -26 + 54 + (-5 + (16 - 3) - 11)?
62
What is the value of -83 + 21 + 19 - (-24 - -4)?
-23
Evaluate (1 - (12 + -4)) + (12 - (-1 + 14)).
-8
Evaluate (-10 - (-19 - (13 - 22))) + 4 + 0 + -14.
-10
25 - (-73 + 16 + 102)
-20
Evaluate -1 - ((10 - -11) + -39 - 36).
53
-39 - (-1 + 16 + (446 - 462))
-38
Calculate 107 - 3 - (39 + -18 + (19 - 24)).
88
1322 - 1278 - (-7 - (-1 - 1))
49
What is (145 - (9 + -10)) + (55 - 77)?
124
Evaluate -530 - -596 - (4 + -2 - 8).
72
Calculate -3163 + 3240 + (-1 - 67).
9
What is the value of 36 + 0 + (132 - (88 - -19))?
61
Calculate -9 + 7 + -1 + 14 - 20 - 1.
-10
(-2414 - -2483) + 2 + -3 + -14 + -1
53
Calculate 9 - (-103 + 98 + (4 - (2 - 4)) + 7).
1
-4 + (-7 - -1) + -20 + 8 + 3
-19
Evaluate -199 + 0 + 116 - -84.
1
60 + (-18 - (-18 - -24)) + 34
70
Calculate -48 + (-6 - (12 + -20)) + (2 - (2 + 0)).
-46
What is 535 + -506 + (-50 - 8)?
-29
Evaluate -4 + (50 - (75 + -82)).
53
4 + -21 + (11 - -3) - (70 + -10 + 11)
-74
Evaluate 0 + -5 + 112 + -11 - (-34 - -33).
97
Evaluate 0 + -5 + (-364 - -409) + 3 + 2 + 2.
47
(-1 - -4) + 81 + -40 + -38 + -1
5
Evaluate (-51 - 0) + (-5 - ((-8 - -63) + -48)).
-63
14 + -2 + (-3 - -3) - (133 - (124 + -91))
-88
Evaluate 1 + -4 + (837 - 872).
-38
What is 2 + -66 + (41 - (9 - (12 + -20 + -11)))?
-51
1667 - 1482 - (129 - 0)
56
Calculate -23 - (-5 + -1 + 4 - (-597 + 580)).
-38
Evaluate -11 + 3 + (30 + -13 - -108) + -16 + -14.
87
Evaluate (0 - -62 - 0) + (0 - ((17 - 22) + 2)).
65
What is -28 - (-2 + -9 - -20 - 90)?
53
What is the value of 1 + (38 - 0 - (60 - 39))?
18
Calculate (9 - 6) + -20 - 17.
-34
What is the value of -47 - (-474 - -496 - (22 + 2))?
-45
Evaluate -1282 + 1305 - (2 + 17).
4
What is the value of (-162 - -145 - -125) + (-2 + 1 - (0 + 7))?
100
What is the value of (-55 + 10 - -93) + -49 + (0 - 10)?
-11
What is 26 + (0 - (-11 - 2)) + -1 + (2503 - 2507)?
34
Calculate (-102 - (-127 - -133)) + 